the first derivative of 5*v**2/2 + 15*v - 1242. Give d(-3).
0
Let o(m) = -34 + 89*m**3 + 54 - 180*m**3 - 59*m - 32*m**2 + 18 + 90*m**3. Determine o(-30).
8
Let s(x) = -23 - 4408*x - 7 + 4402*x. Let i(r) = 7*r + 30. Let d(p) = 4*i(p) + 5*s(p). Give d(-17).
4
Let v(i) = 46*i + 8. Let s be v(3). Let b(q) = 3 - 76*q + s*q - 71*q. Calculate b(6).
-3
Suppose -4*t + 16 = 0, -8*y - 16 = -12*y - t. Let g(v) = 31*v**3 - 2*v**2 + v. Let p be g(1). Let k(a) = -21*a + 74*a - y - 30*a - p*a. Give k(-2).
11
Let m be (-24)/(-72) - (-10)/6. Suppose -p + 1 = 2. Let x(n) = 3*n**2 - 8*n + 6. Let y(h) = -h + 1. Let t(q) = p*x(q) + 4*y(q). Calculate t(m).
-6
Let a be 2 + -208 - -4*(-12)/16. Let s = -208 - a. Let c(l) = -2*l + 2. Determine c(s).
0
Let f(u) be the first derivative of -3*u**2 - 70*u + 2939. Give f(-13).
8
Let p(x) be the second derivative of x**4/12 + 4*x**3/3 - 43*x**2/2 + 193*x. What is p(4)?
5
Let v(x) = 4*x**2 + x**3 + 9*x**3 + 1 + 3*x**2 - 11*x**3 - 6 - 6*x. Let g(o) = -o**2 - 12*o - 14. Let m be g(-10). Calculate v(m).
-5
Let k(q) = q + 10. Let h(n) = n**3 - 16*n**2 + 15*n - 10. Let c be h(15). Let g = c - -30. Suppose 5*p + 8 = 4*u - 16, -3*p + u - g = 0. Give k(p).
2
Let s(y) be the second derivative of -y**5/20 + 5*y**4/6 + 5*y**3/3 + 11*y**2/2 - 2*y + 4. Let z be s(11). Let a(i) = -i**2 + i + 6. Calculate a(z).
6
Let l(m) = -2*m**2 - 2*m + 2. Let r be l(-2). Let s = -4 - r. Let i(c) be the first derivative of -c**4/4 - 2*c**3/3 - c - 25744. Calculate i(s).
-1
Let l be 2 + 5 + 0 + 0. Suppose 0 = -l*c + 4 - 32. Let f(r) = -4*r**2 + 5 + 0 + 2*r**2 - 1 - 2*r. Give f(c).
-20
Let a(i) = 251*i + 1927. Let n(f) = -28*f - 214. Let j(r) = 2*a(r) + 19*n(r). What is j(-8)?
28
Let d(w) = -2*w - 1. Let l = -368 + 161. Let h be (-1)/(-4) + l/92. What is d(h)?
3
Let g be (1 + -3)/(4/(-34)). Let h(d) be the second derivative of d**5/20 - 4*d**4/3 - 8*d**3/3 - 8*d**2 - 2505*d. Determine h(g).
1
Let p(t) = 3*t**3 + 4*t**2 + 3*t + 7. Let z(s) = -s**3 - s**2 - 2. Let r(n) = p(n) + 4*z(n). Give r(3).
-19
Let t(c) = 0*c**2 + 12*c**2 + 3*c**2 + 2*c**3 - c**3 + 27. Let a be t(-15). Let k = 22 - a. Let p(g) = g**2 + 2*g - 2. What is p(k)?
13
Let w(c) = -16*c**2 + 4*c - 2. Suppose 3069*d = 3062*d + 14. Determine w(d).
-58
Suppose -85*g = -86*g + 37. Let k(j) = -3*j + 1 + 18*j**2 - j - g*j**2 + 17*j**2. Determine k(-3).
-5
Suppose 8 = b + 2*a, -2*b - 12 + 30 = 5*a. Suppose b*d = -3*d. Suppose -6*f + 4*f = d. Let k(n) = -n**2 + 8. Determine k(f).
8
Let d = -10 + 7. Let b(i) = -i**3 + 2*i**2 + 7*i + 4. Let l(f) = f**2 + f + 1. Let x = 75 + -76. Let r(w) = x*b(w) + 4*l(w). Give r(d).
0
Let l be 42/10*(-2120)/(-2968). Let r(n) = n**2 + 3*n - 24. Give r(l).
-6
Let f = -312537 - -312535. Let y(l) be the second derivative of 0 - 1/3*l**3 - 1/12*l**4 + 0*l**2 - l. What is y(f)?
0
Let k(x) = 6*x + 1. Let v(g) = 2*g**2 + 19*g - 17. Let a be v(-10). Let m be (-1 + 5)/(6 + a). Calculate k(m).
-23
Let z be (-5)/(-4) - 30/(-40). Let t(i) = 6*i - 2*i**z + 226 - 117 - 111. Calculate t(4).
-10
Let u(p) = -723 - 28*p + 13*p + 359 + 10*p + 343. Determine u(-2).
-11
Let t be (3 - 3) + (-4 - -576) + 5. Let o(x) = -1141*x - x**2 + 568*x - 1 + t*x. Calculate o(6).
-13
Suppose -2*q + 60 = -0*q. Let v be ((-12)/(-18))/(4/q). Let p(x) be the third derivative of -x**6/120 + x**5/15 + x**4/4 + x**3/2 - 142*x**2. Give p(v).
8
Let r be (18/15)/(27/225) + (-58)/29. Let a(p) be the first derivative of p**4/4 - 7*p**3/3 - 4*p**2 - 5*p - 2. Calculate a(r).
-5
Suppose -47 + 63 = 4*b. Let i(l) = 7 + 3*l + 0*l - l - b. Suppose 0 = u + g + 7, 7*g - 4*g - 27 = 5*u. What is i(u)?
-9
Let k(o) = -6*o**2 + 12*o - 6. Let f(x) = -7*x**2 + 17*x - 6. Let m(z) = -4*f(z) + 5*k(z). What is m(-3)?
0
Suppose 0 = 8*z - 9*z + 63. Let u = z - 47. Suppose -8 = 4*g + u. Let m(t) = t**3 + 7*t**2 + 8*t + 9. What is m(g)?
-3
Let w(y) = 573 - 2*y - 137 - 152 - 145 + y**2 - 146. Suppose h - g + 4 = -0, 5*g = -5*h + 30. Let v be -2 + 4 + 4/h. What is w(v)?
17
Suppose 5*g + 20 = -0*g. Let y(m) = m**2 - 14 + 71 + 6*m - 16 - 40. Determine y(g).
-7
Let j(c) = 2*c**2 + 15*c - 10. Suppose -4*x = 20, -31*x + 29*x - 122 = -2*g. Suppose -119*y = -126*y - g. What is j(y)?
-2
Let z = 2192 - 2187. Let y(u) = u**2 + u - 34. Determine y(z).
-4
Let l(v) = -9*v + 32. Suppose 6*x + 7841 - 7859 = 0. Give l(x).
5
Let i = 1 - 18. Let y = -16 - i. Let s(z) = -y - 3 - z**3 + 8*z - z**2 + 5*z**2. Give s(5).
11
Suppose 597 = 2*u + k, -u + 4*u + 5*k = 878. Suppose 4*d = -4*z + 1136, 0 = 6*z - 2*z + 8. Suppose 3*g - u = -d. Let r(t) = 2*t**2 - 8*t + 4. What is r(g)?
14
Let n(j) = 8*j - 14. Let i be n(2). Let t(c) = 1. Let f(a) = a - 1. Let v(y) = -f(y) - 3*t(y). Let d(g) = g. Let r(m) = 2*d(m) + v(m). Determine r(i).
0
Let w = -2274 - -2271. Let j(n) = -n**2 - 1. Let o(v) = 2*v**2 + 2*v + 7. Let z(r) = 3*j(r) + o(r). Give z(w).
-11
Let p(s) = -194*s - 12. Let g(a) = 420*a + 26. Let w(u) = 6*g(u) + 13*p(u). Let k = 7 + -7. Suppose -5*l + 5*i + 5 = -k*i, 2 = 2*l + 3*i. Determine w(l).
-2
Let t(q) = -q**2 - 3*q + 2. Let i be (3/6*-4)/(2/3). Let l be t(i). Let v(c) = -8*c + 14*c - 4 + 1 - c**l. Give v(5).
2
Let g(t) be the second derivative of -41*t**3/3 + 43*t**2 - 1617*t + 3. Give g(1).
4
Let x(d) be the second derivative of 0 - 1/6*d**4 - 2*d + 0*d**2 + 2/3*d**3. Suppose -4*q - 8 = -f - 9*q, -5*q + 5 = 0. Give x(f).
-6
Let x be -2 + 0 + (0 - 1)*629/(-37). Let q(g) = -g**2 + 17*g - 47. Give q(x).
-17
Let r(c) = -579*c + 2341. Let m be r(4). Let x(q) be the second derivative of q**3 - 1/20*q**5 - 3*q**2 + 0 + m*q + 5/12*q**4. What is x(6)?
-6
Let b(i) = 26*i**3 - i**2 + 1. Let h(v) = -93*v - 1526. Let w be h(-16). Let a = -53 + 14. Let t = w - a. Calculate b(t).
26
Let j(z) = 14*z - 582. Let a = 31150 + -31108. Calculate j(a).
6
Suppose 0 = 9*o - 489 - 213. Let w(q) = 151*q - o*q - 74*q. Let x = 10 - 15. Give w(x).
5
Let j = 11849 + -11849. Let k(l) = -2*l**3 - l**2 - 15 + l**3 - 18. What is k(j)?
-33
Let y be 66/55*-5 + 11/1. Let w(r) = 1. Let k(z) = -7*z**2 - z + 3. Let s(n) = -n**2 - n. Let b(f) = -k(f) + 6*s(f). Let c(i) = b(i) + w(i). What is c(y)?
-2
Let g(l) be the third derivative of 0 + 0*l - 7*l**2 - 7/60*l**5 + 1/6*l**3 + 1/24*l**4 + 1/120*l**6. Determine g(7).
8
Let b(t) = -805*t - 10461. Let h be b(-13). Let x(a) be the third derivative of 0*a - 1/3*a**3 + 0 + 1/60*a**5 - 1/3*a**h - 32*a**2. What is x(8)?
-2
Let v(u) = -3 - 5*u + u + u. Suppose -3*s = 5*m - 76, -15*m + 13*m - 5*s = -19. Suppose 5 = p + 7*y - 6*y, 3*p - m = -y. Calculate v(p).
-21
Let i(c) = 245 + 208*c - 344*c - 114*c. Determine i(1).
-5
Let x = -372 + 376. Let g be (5 - 7)*(6 - x). Let u(i) = i + 9. Determine u(g).
5
Let z(s) = s**2 + 9*s + 6. Let r(x) = -6*x**2 - 3*x + 2. Let g be 1 + (4 + 26 - 3). Suppose -2*y - 26 = -g. Let p be r(y). What is z(p)?
-8
Let r(c) = c**3 - 23*c**2 + 41*c + 37. Let s be (12 - 11 - 4) + 3*8. What is r(s)?
16
Let o(u) be the third derivative of -5*u**4/4 + 13*u**3/6 - 322*u**2 - 2*u. Calculate o(-3).
103
Let f(j) = 6*j + j - 1 + 11 + 15*j - 12*j**2 - j**3 - 21*j. Determine f(-12).
-2
Suppose 10*m - 180 = -120. Suppose m*a + 54 = 108. Let p(i) = -i**3 + 9*i**2 + 2*i - 18. Give p(a).
0
Suppose 2*n - 15 = -u - n, -15 = -2*u - 3*n. Let y be (u + -1)/(1/3). Let d(f) be the third derivative of f**4/24 + f**3/3 + 31*f**2 + 2. What is d(y)?
-1
Let r(n) = 4*n**2 - 53*n - 22. Let j be r(22). Let w(k) = -2*k - j*k**2 + 2 + 749*k**2 + 2*k - 4*k. Determine w(3).
-1
Let w(r) = r + 3. Suppose 0 = 7*d + 9*d - 320. Suppose 2*m - d = -3*m. What is w(m)?
7
Let i be (((-3)/4)/((-1062)/472))/(2/(-42)). Let x(l) = l**3 + 7*l**2 + l - 22. What is x(i)?
-29
Let o(r) be the first derivative of -r**4/4 - 4*r**3/3 + 2*r**2 + 4*r - 3205. Let i be 3/(-1)*(-12)/(-9). Give o(i).
-12
Suppose 0 = -f + 6*f - 2*m - 1, 0 = -4*f - m - 7. Let v be (10/(-3))/(f/(-3)). Let k be (0 - -2)*v/(-20). Let n(u) = -u**2 + 2*u - 1. Give n(k).
0
Let s(r) = -34*r - 119. Let h(n) = 24*n + 119. Let a(k) = -3*h(k) - 2*s(k). Give a(-31).
5
Let k(r) be the second derivative of 1/12*r**4 + 56*r + 1/10*r**5 - 1/3*r**3 + 0 + 1/2*r**2. Give k(-2).
-7
Let b(v) = -32*v**3 + v**2 - v. Suppose 18*k = -31*k + 12*k + 37. Determine b(k).
-32
Let v(q) be the third derivative of -q**6/120 - q**5/10 - q**4/24 - 1